 3*l - 1. Let p(w) = 2*w**3 + 17*w**2 - 7*w - 3. Let q(y) = 4*p(y) - 9*u(y). Determine q(-4).
1
Let v = -1 + 6. Let y be (-6)/v*10/(-4). Let u(t) = 2 - y*t**2 + 1 + 3*t - 6. Calculate u(2).
-9
Let s(g) = g**3 + 2*g**2 + 2*g + 1. Let i = 8 + -9. Give s(i).
0
Let j(s) = -4*s**3 + s**2 - 1. Let f be j(1). Let c(y) = y**3 + 4*y**2 - 2*y - 6. Let z be c(f). Let m(l) = -2*l + 1. What is m(z)?
-3
Let p(z) = -3*z + 1. Suppose 10*d - 8 + 28 = 0. Calculate p(d).
7
Let d(f) = -f**3 + 4*f**2 + 5*f - 4. Let l be d(5). Let v = l + 3. Let n(k) = -6 + 5 - 3 + 5 + 3*k. Determine n(v).
-2
Suppose -5*r + 15 = -0. Let t(n) be the second derivative of -2*n + 5/6*n**r - 2*n**2 + 1/20*n**5 - 1/2*n**4 + 0. What is t(5)?
-4
Suppose -2*o + 8 = -4*o. Let m(d) = 2*d - 17. Let q(s) = -s + 8. Let x(i) = -6*m(i) - 13*q(i). Determine x(o).
-6
Suppose 10 = 3*p - p. Let j(i) = 3*i - 8. Let l(y) = 2*y - 5. Let o(m) = p*j(m) - 8*l(m). Calculate o(-4).
4
Let f(m) be the third derivative of m**6/120 - m**5/12 + m**4/8 + m**3/2 - 4*m**2. Determine f(3).
-6
Let c be 2/7 - (-17)/(-84). Let o(y) be the second derivative of -1/2*y**3 + c*y**4 - 5/2*y**2 + y + 0. Calculate o(4).
-1
Let v(k) be the third derivative of -k**6/40 + k**5/30 + 3*k**4/8 + 5*k**2. Let o(r) = 10*r**3 - 5*r**2 - 28*r + 1. Let a(p) = 2*o(p) + 7*v(p). What is a(5)?
12
Let r(b) = 4*b**3 + 15*b**2 - 9*b - 4. Let n(u) = u**3 + 5*u**2 - 3*u - 1. Let h(g) = 7*n(g) - 2*r(g). Determine h(3).
10
Let z(q) = 4*q - 3 - 2 + 2. Let x(t) = -t**3 + 3*t**2 - 3*t + 4. Let k be x(2). Give z(k).
5
Let w(k) = 0*k + k**2 - k + 2*k. What is w(-3)?
6
Let n(i) = -2*i**3 - 2*i**2 + i + 11. Let l(a) = a**3 + a**2 - 4. Let y(c) = 8*l(c) + 3*n(c). Give y(-2).
-13
Let y(a) be the first derivative of -1/4*a**4 + a**3 - 4 - a**2 + a. What is y(3)?
-5
Let x be -1 - 1/((-1)/3). Suppose -4 + 8 = x*t. Let h(s) = 6 + 2*s - s**t - s - 4*s. Give h(-5).
-4
Let a(g) be the third derivative of 0 - 1/6*g**3 - 11/24*g**4 - 3*g**2 + 0*g. Calculate a(-1).
10
Let s(z) = -z**2 - 2*z + 3. Let w(d) = d + 1. Let o = -9 - -8. Let i(x) = o*s(x) + 3*w(x). Give i(-6).
6
Suppose 0 = 3*q + 2*m - 14, m + 11 = -3*q + 6*q. Let d(c) = q*c + c - 2*c - 4. Determine d(5).
11
Let x(t) = -t**2 + 6*t + 4. Suppose q + 4 = 10. What is x(q)?
4
Let n(h) = 4*h**3 - 1. Let a be n(1). Let y(k) = -k**2 + k - 2. What is y(a)?
-8
Let o(b) be the first derivative of 7*b**4/4 + b**3/3 + b**2/2 - b + 148. Let a = -2 + 4. Suppose -a*l + 6*l = 4. Determine o(l).
8
Suppose 3*j - 3*h = 21, -2*j - 2*h + 1 = 3. Suppose 3 = j*f + 18. Let t(i) be the first derivative of -i**4/4 - 5*i**3/3 - i**2/2 - 7*i - 1. Give t(f).
-2
Let s(a) = -6*a**3 - a**2 + 1. Let q(h) = -h + 12. Let y be q(-5). Let n = 18 - y. Determine s(n).
-6
Let c(k) = 19*k**2 + k - 1. Let b(m) = -m + 8. Let x be b(7). Calculate c(x).
19
Let u(y) = y**3 + 8*y**2 - y - 5. Let x be u(-8). Suppose -t + 3 + 0 = 2*z, -x*z + 9 = 0. Let r(o) = o. Give r(t).
-3
Suppose 42 = 5*f - 2*y, 2*y = -2*f - 2*f + 30. Let s(z) = -z**2 + 9*z - 1. Determine s(f).
7
Let u(r) = -2*r. Let m be u(-2). Let l be (-4)/(-3) - m/(-6). Let n(w) = 3*w**2 + 6 - 3*w - 6. What is n(l)?
6
Let p(i) = i**2 - 28 + 6*i + 6 + 7 + 8. Determine p(-7).
0
Let x(v) be the third derivative of -1/3*v**3 + 1/60*v**5 + 1/24*v**4 + 0 + 0*v + 5*v**2. Give x(0).
-2
Let g(l) = -3*l**2 - 2*l + 2. Let p(t) = -t**2 + 1. Let n(b) = -g(b) + 4*p(b). Let k = 5 - 0. Suppose k*i + 0*w = 2*w + 30, 0 = 5*i + 4*w. What is n(i)?
-6
Let n(f) = 2*f + 2. Let i(c) = c + 2. Let v(q) = 4*i(q) - 3*n(q). Let s(r) = r**3 - 12*r**2 + 11*r + 4. Let z be s(11). Give v(z).
-6
Let x(i) be the first derivative of -4*i**2 + i - 16. Calculate x(-2).
17
Let g(s) = -s**2 + 2*s - 2. Let q(r) = -r**3 - 5*r + 3. Let n be q(0). Determine g(n).
-5
Suppose 13 - 9 = 2*b. Let f(a) be the first derivative of -5/2*a**b - a - 1. Determine f(1).
-6
Let b(r) be the third derivative of -r**6/40 + r**5/15 - r**4/6 + r**3/3 - 4*r**2. Calculate b(2).
-14
Let s(j) be the second derivative of j**3/6 + 6*j**2 + 6*j. Suppose 0 = 4*d + 7 + 13. Give s(d).
7
Let w be (-13)/(91/6)*(-42)/9. Let a(y) = 2*y - 5. Calculate a(w).
3
Suppose 4*a + 36 = -2*y, 0 = 5*a + 2*y + 20 + 25. Let o = a + 6. Let h(s) = -2*s**2 - s + 4. Determine h(o).
-11
Let q = 31 - 27. Let m(u) = -u**3 + 3*u**2 + 7*u - 5. Give m(q).
7
Let n be ((-3)/(-2))/(12/24). Let h be (4 - n) + (-4)/(-1). Let w(j) = -j - 2. Give w(h).
-7
Let u be 6/9 + (-4)/6. Suppose w = 4 - 2. Let g(r) = -r + 6. Let t(n) = n - 5. Let a(y) = w*g(y) + 3*t(y). Give a(u).
-3
Let v be 0/(2 + -4 + 6). Suppose -b = 2*b - 3. Let d(j) = -1 - 12 + b + j. Give d(v).
-12
Let s(b) be the second derivative of -b**4/12 + b**3 + b. Let l(i) = i**2 - i - 1. Let q be l(5). Let r = -13 + q. What is s(r)?
0
Let m(j) = -j**2 - 3*j - 4. Let o(l) = -l**2 - 4*l - 5. Suppose -5*f - 4*z + 12 + 22 = 0, -5*f + 28 = -2*z. Let a(n) = f*m(n) - 5*o(n). Determine a(4).
-7
Let p(a) be the second derivative of 0*a**3 - a + 1/30*a**5 - 1/12*a**4 - 1/720*a**6 + 0*a**2 + 0. Let q(x) be the third derivative of p(x). What is q(4)?
0
Let n(c) = c + 5 - c - 6 - c. Let m(b) = b + 8. Let k be m(8). Suppose -4 = -3*y - k. Calculate n(y).
3
Let y(m) = -9*m + 9. Suppose v + 2*v + 21 = 0. Let s(q) = 4*q - 4. Let g(l) = v*s(l) - 3*y(l). Determine g(-4).
5
Let b(z) = z + 5. Let w = 28 - 22. What is b(w)?
11
Let n = -5 + 4. Let v be 1*(n - -2)*-1. Let i(d) = -5*d**2 + 2*d + 1. What is i(v)?
-6
Let g(o) = 4*o**2 - 4*o**2 - 91*o - o**2 + 82*o - 6. Calculate g(-9).
-6
Let x(b) = b**2 - b. Let q(f) = 7*f**2 - 8*f - 1. Let s(z) = -q(z) + 6*x(z). What is s(3)?
-2
Let h(s) = -s**2 + 4*s. Let u be h(2). Let i(a) = -a**2 + 3*a + 2. Calculate i(u).
-2
Let m(g) = -g**2 - 2*g + 1. Suppose 0*k = -3*k + 24. Suppose 4*d + 4*l = -16, 0*d = -5*d - 2*l - 26. Let x = k + d. Determine m(x).
-7
Let m(i) = -i**2 - 4. Suppose 8*c + 8*c = 3*c. Calculate m(c).
-4
Let k(q) = -q**3 - 4*q**2 - 3*q - 1. Let f(a) = -a**2 + 7*a - 5. Suppose m - 2*b = 9, 2*m - 1 = -b + 7. Let i be f(m). Suppose 7 + 3 = -i*d. Determine k(d).
-3
Let g(i) be the first derivative of i**4/4 + 4*i**3/3 + 3*i**2/2 + 3*i + 18. Calculate g(-3).
3
Suppose -5*c + 3*b = -146, b - 102 = -4*c - 4*b. Let h(u) = -17 - 10 + c + 9*u. What is h(1)?
10
Let k(h) = -h**3 - h**2 - 2*h - 13. Let r(s) = s + 0*s**2 - s**2 + 3*s**2 + 12 + s**3 + 2*s. Let g(x) = 5*k(x) + 6*r(x). Calculate g(-6).
-5
Let g(k) = -k**3 - 6*k**2 + k + 7. Let q be g(-6). Let h = -37 - -37. Let u(s) = h - 6*s**3 + s**2 - s + 2*s - s**3 - q. Give u(1).
-6
Suppose -5*b - b - b = 0. Let t(j) be the second derivative of b - 4*j - 9/2*j**2 - 1/6*j**3. Give t(-5).
-4
Let k(t) = t + 1. Let m be k(-1). Let a(l) = 4*l + 6 + m*l**2 - 2 + l**2. Let p = 36 - 40. What is a(p)?
4
Suppose -3*x = g - 9, 4*g + 13 = 4*x + 1. Let i(y) = 3*y - 9 - x*y + 0*y + y. Determine i(4).
-5
Let a(r) = r + 7. Let p be 1/(0 + 5/(-25)). Calculate a(p).
2
Let c(a) = -a + 2. Let y be c(0). Let g = 3 - 0. Let r(m) = 2*m**g - 2*m**3 - 2*m**2 + 1 - y*m + 2*m**3. Determine r(2).
5
Let d(q) be the third derivative of q**7/840 + q**6/360 - q**5/120 - 5*q**4/24 - q**3 + 5*q**2. Let b(j) be the first derivative of d(j). Give b(0).
-5
Let n(l) be the first derivative of l**3/3 + 3*l**2 + 5*l + 5. Determine n(-5).
0
Suppose 0 = 2*b - 5*t - 9, b + 2*t + 9 = -0. Let n(w) = -4*w - 1. Let i(j) = 5*j + 1. Let p(u) = -5*i(u) - 6*n(u). Determine p(b).
4
Let c(p) = -3*p**3 - 2*p**2 + p + 1. Let q(k) = 4*k**3 + 3*k**2 - 2*k - 1. Let a(l) = -2*l - 6. Let y be a(-4). Let f(t) = y*q(t) + 3*c(t). Calculate f(1).
-1
Suppose 2*k - f = 2*f, -k - 5*f + 13 = 0. Suppose k*v - 9 - 3 = 0. Suppose 3*o = v*o + 2. Let n(b) = b + 2. What is n(o)?
0
Let o(k) = -2*k - 2. Let m be o(-3). Suppose 6 = -q + m*q. Let g(d) = 3*d - 1. Calculate g(q).
5
Let d(j) = j**2 + 12*j + 12. Let m be d(-11). Let g(w) = m + 63*w - 3 - 62*w. What is g(0)?
-2
Let k(f) = 4*f**3 + 2*f**2 - 1. Let b be (-1 - -2)/(2/6). Suppose -b*z - x - 11 = 0, 0 = 4*z - 3*x + 5*x + 18. Let y = z + 1. Determine k(y).
-3
Let s(u) = -17*u + 1 + 29*u - 16*u. Give s(-3).
13
Let s = -8 - -14. Let r = 11 - s. Let h(l) = 1. Let g(t) = -t + 10. Let u(b) = -g(b) + 3*h(b). Determine u(r).
-2
Let g = 2 + -1. Let f = -4 - g. Let v(y) = -y**3 - 6*y**2 - 5*y. Calculate v